lions digit of 1710835314?
1
What is the thousands digit of 877843843?
3
What is the hundreds digit of 29304055?
0
What is the thousands digit of 48447244?
7
What is the ten millions digit of 31232179?
3
What is the ten millions digit of 27943205?
2
What is the units digit of 366673596?
6
What is the millions digit of 2628053447?
8
What is the ten millions digit of 15029223?
1
What is the ten thousands digit of 29118779?
1
What is the thousands digit of 249525597?
5
What is the thousands digit of 65722964?
2
What is the millions digit of 1252679846?
2
What is the tens digit of 4674721739?
3
What is the ten thousands digit of 200501423?
0
What is the units digit of 332702802?
2
What is the hundred thousands digit of 2323055006?
0
What is the thousands digit of 80349265?
9
What is the tens digit of 147450224?
2
What is the billions digit of 8466635496?
8
What is the millions digit of 2016507931?
6
What is the units digit of 747163108?
8
What is the ten millions digit of 5807116072?
0
What is the millions digit of 88854393?
8
What is the ten thousands digit of 173253854?
5
What is the tens digit of 1093701487?
8
What is the billions digit of 2605269160?
2
What is the units digit of 70915048?
8
What is the ten millions digit of 79689530?
7
What is the ten millions digit of 153448385?
5
What is the thousands digit of 95643025?
3
What is the ten millions digit of 1960430039?
6
What is the ten millions digit of 31702726?
3
What is the ten thousands digit of 4357293112?
9
What is the units digit of 205784955?
5
What is the billions digit of 3257239799?
3
What is the ten millions digit of 58909317?
5
What is the ten thousands digit of 1561490?
6
What is the ten millions digit of 65838508?
6
What is the millions digit of 339156275?
9
What is the thousands digit of 13301147?
1
What is the hundred millions digit of 2768272285?
7
What is the ten thousands digit of 56247495?
4
What is the millions digit of 219214936?
9
What is the ten millions digit of 788408176?
8
What is the thousands digit of 120617183?
7
What is the units digit of 710363423?
3
What is the tens digit of 16579928?
2
What is the tens digit of 1591908?
0
What is the ten thousands digit of 2523272?
2
What is the ten thousands digit of 443780091?
8
What is the hundred thousands digit of 729508501?
5
What is the hundred thousands digit of 7039342?
0
What is the hundreds digit of 1904097?
0
What is the units digit of 3228226083?
3
What is the units digit of 15847693?
3
What is the millions digit of 331658393?
1
What is the hundreds digit of 308833731?
7
What is the ten millions digit of 91237861?
9
What is the ten millions digit of 2716203057?
1
What is the ten thousands digit of 2064982777?
8
What is the ten thousands digit of 306515079?
1
What is the hundred millions digit of 752556175?
7
What is the hundred thousands digit of 176872176?
8
What is the units digit of 1362936090?
0
What is the units digit of 3216196544?
4
What is the units digit of 498676963?
3
What is the thousands digit of 190566737?
6
What is the tens digit of 52259681?
8
What is the ten millions digit of 65651215?
6
What is the tens digit of 2616289219?
1
What is the ten thousands digit of 483153804?
5
What is the hundred millions digit of 282849202?
2
What is the hundred thousands digit of 20976919?
9
What is the tens digit of 534381649?
4
What is the millions digit of 448987154?
8
What is the hundreds digit of 404173040?
0
What is the millions digit of 5280062639?
0
What is the millions digit of 1629802309?
9
What is the units digit of 42884122?
2
What is the ten thousands digit of 1008851309?
5
What is the thousands digit of 107133842?
3
What is the millions digit of 88874714?
8
What is the hundred millions digit of 897693682?
8
What is the thousands digit of 16505854?
5
What is the units digit of 830928474?
4
What is the thousands digit of 50163806?
3
What is the ten thousands digit of 116396256?
9
What is the ten millions digit of 1578518113?
7
What is the hundreds digit of 27867400?
4
What is the tens digit of 67654459?
5
What is the ten millions digit of 41241841?
4
What is the millions digit of 319573353?
9
What is the hundreds digit of 125661559?
5
What is the hundred millions digit of 1545050483?
5
What is the hundreds digit of 56341886?
8
What is the units digit of 150641976?
6
What is the thousands digit of 32895105?
5
What is the hundred thousands digit of 675437260?
4
What is the billions digit of 1214614427?
1
What is the hundreds digit of 128317687?
6
What is the units digit of 97965396?
6
What is the units digit of 6829271?
1
What is the thousands digit of 62679503?
9
What is the hundreds digit of 423581708?
7
What is the millions digit of 21496749?
1
What is the hundred thousands digit of 49438764?
4
What is the hundreds digit of 33624071?
0
What is the tens digit of 200786320?
2
What is the billions digit of 1144892726?
1
What is the tens digit of 1657475248?
4
What is the units digit of 8393268?
8
What is the hundreds digit of 148927088?
0
What is the millions digit of 113269711?
3
What is the thousands digit of 2545057297?
7
What is the units digit of 49771062?
2
What is the millions digit of 73967049?
3
What is the ten millions digit of 159741462?
5
What is the hundreds digit of 156402152?
1
What is the ten thousands digit of 1678767998?
6
What is the hundred thousands digit of 35524322?
5
What is the billions digit of 2682191000?
2
What is the hundred thousands digit of 561974828?
9
What is the tens digit of 12068829?
2
What is the hundred millions digit of 1452400351?
4
What is the ten millions digit of 855358999?
5
What is the ten millions digit of 2200861438?
0
What is the hundred millions digit of 529091997?
5
What is the tens digit of 164767091?
9
What is the hundred thousands digit of 3946128?
9
What is the tens digit of 94552861?
6
What is the ten thousands digit of 441535091?
3
What is the hundred thousands digit of 191711713?
7
What is the ten millions digit of 458180879?
5
What is the hundred thousands digit of 11634223?
6
What is the billions digit of 4070979430?
4
What is the hundred thousands digit of 2596591732?
5
What is the hundred thousands digit of 5436858?
4
What is the millions digit of 79228240?
9
What is the hundred thousands digit of 2391930308?
9
What is the ten millions digit of 98145190?
9
What is the hundreds digit of 5468583705?
7
What is the hundred thousands digit of 66246553?
2
What is the hundred millions digit of 919651178?
9
What is the hundred thousands digit of 4046291928?
2
What is the thousands digit of 2183539331?
9
What is the hundreds digit of 36221909?
9
What is the millions digit of 27349536?
7
What is the hundreds digit of 257580301?
3
What is the millions digit of 96352921?
6
What is the hundreds digit of 380995576?
5
What is the thousands digit of 173737324?
7
What is the units digit of 66833101?
1
What is the hundred thousands digit of 14254454?
2
What is the hundred thousands digit of 157772606?
7
What is the ten millions digit of 574408993?
7
What is the units digit of 316666567?
7
What is the units digit of 133549292?
2
What is the ten millions digit of 1652501552?
5
What is the millions digit of 16357980?
6
What is the tens digit of 770964?
6
What is the ten millions digit of 149738802?
4
What is the millions digit of 3883362059?
3
What is the hundred thousands digit of 1115189337?
1
What is the millions digit of 954342374?
4
What is the tens digit of 120231831?
3
What is the hundreds digit of 180261463?
4
What is the ten thousands digit of 343114091?
1
What is the hundreds digit of 95807688?
6
What is the units digit of 908426708?
8
What is the ten millions digit of 98861227?
9
What is the thousands digit of 448609100?
9
What is the hundred millions digit of 223140287?
2
What is the ten millions digit of 3589137359?
8
What is the units digit of 939801441?
1
What is the thousands digit of 1939564440?
4
What is the hundred millions digit of 954352089?
9
What is the millions digit of 66368858?
6
What is the hundred thousands digit of 594341403?
3
What is the hundred millions digit of 265299115?
2
What is the millions digit of 226555849?
6
What is the units digit of 254790017?
7
What is the millions digit of 4617895652?
7
What is the units digit of 